2 + 2431*r + 549277. What is b(-252)?
169
Let g(h) = 30*h**2 - 344*h - 6442. What is g(-10)?
-2
Let y(h) = -h**3 + 9*h**2 - 299*h - 1530. Determine y(-5).
315
Let n(t) = 28044*t + 224365. Give n(-8).
13
Let v(j) = j**3 + 84*j**2 + 131*j - 1238. What is v(-82)?
1468
Let s(y) = 60*y**2 - 290*y - 44. What is s(4)?
-244
Let s(p) = -2*p**3 - 60*p**2 + 67*p + 121. Give s(-31).
-34
Let j(r) = 7*r**3 - 85*r**2 + 73*r - 810. Determine j(12).
-78
Let l(t) = t**3 - 68*t**2 - 313*t + 1499. Calculate l(72).
-301
Let v(q) = -73*q**2 - 786*q - 7171. Determine v(-9).
-6010
Let i(l) = -915413*l + 20139080. Calculate i(22).
-6
Let z(a) = -a**3 + 3*a**2 + 368*a + 2086. Determine z(-13).
6
Let k(g) = -94*g**2 - 5364*g + 137. Determine k(-57).
479
Let r(x) = -206*x + 3704. What is r(19)?
-210
Let v(a) = -a**3 + 27*a**2 - 108*a + 3847. What is v(28)?
39
Let b(z) = z**3 - 207*z**2 - 900*z + 143944. Give b(208).
8
Let r(s) = 4*s**2 - 19765*s + 138357. Give r(7).
198
Let y(z) = 33*z + 3684. What is y(-99)?
417
Let t(c) = -98*c**3 - 3*c**2 + 40*c + 37. Give t(-1).
92
Let b(p) = 43363*p - 303567. Determine b(7).
-26
Let l(m) = 4*m**3 + 95*m**2 + 160*m + 74. What is l(-22)?
-58
Let q(u) = -20*u**2 - 11444*u - 1574127. Determine q(-230).
-7
Let g(s) = -397*s - 318343. Determine g(-802).
51
Let o(u) = 2394*u - 14598. Give o(7).
2160
Let i(p) = -486*p - 3001. Determine i(-17).
5261
Let s(z) = 2*z**3 - 146*z**2 + 549*z + 205. Determine s(69).
-2
Let t(b) = -13*b**2 + 2776*b - 22300. Determine t(8).
-924
Let d(b) = b**2 + 2646*b - 257553. Determine d(94).
7
Let h(p) = p**2 + 486*p + 54645. Determine h(-309).
-48
Let s(c) = -3*c**3 + 51*c**2 + 45*c - 214. Determine s(16).
1274
Let r(f) = 50*f**2 - 23*f + 77. What is r(7)?
2366
Let a(k) = -1366308*k + 6831531. Calculate a(5).
-9
Let a(w) = -5*w**2 - 6443*w - 95517. Determine a(-15).
3
Let o(n) = -7*n**2 - 378*n - 274. Give o(0).
-274
Let b(k) = 29*k**3 + 1348*k**2 + 641*k - 158. What is b(-46)?
-20
Let j(h) = 84247*h + 252706. Calculate j(-3).
-35
Let t(o) = 101*o**3 - 2325*o**2 - 144*o + 4374. Determine t(23).
4
Let b(t) = -8*t**2 + 3294*t - 55989. What is b(394)?
-41
Let s(j) = -109*j - 4678. Determine s(-41).
-209
Let p(w) = 5*w**2 + 1496*w - 45673. Determine p(28).
135
Let b(n) = 6*n**3 - 2317*n**2 - 1904*n - 12015. Give b(387).
-18
Let a(l) = -1463*l - 8774. Determine a(-6).
4
Let w(t) = 121*t**3 - 582*t**2 - 117*t + 17. Give w(5).
7
Let k(f) = 41124*f - 2261823. Determine k(55).
-3
Let v(l) = 4*l**3 + 1156*l**2 - 1081*l + 22915. Determine v(-290).
5
Let m(o) = -231*o - 3052. Give m(-20).
1568
Let o(t) = t**2 - 2728*t + 24469. What is o(9)?
-2
Let x(j) = 11456*j + 23438. Give x(-2).
526
Let x(p) = -1159*p - 184232. Calculate x(-159).
49
Let n(w) = -825*w - 120707. Calculate n(-146).
-257
Let w(y) = -2*y**3 - 490*y**2 + 427*y - 15917. What is w(-246)?
73
Let p(c) = -c**2 - 54*c - 1030. Give p(-24).
-310
Let k(h) = h**2 + 54916*h + 29. Determine k(0).
29
Let d(v) = 4*v**3 + 38*v**2 - 347*v - 3101. Calculate d(-11).
-10
Let w(i) = -413*i**2 - 278*i + 950. Give w(-2).
-146
Let b(j) = j**3 - 39*j**2 + 100*j - 923. Give b(37).
39
Let u(r) = 6*r**2 + 45*r - 136. Determine u(-5).
-211
Let p(q) = -148*q**3 + 2071*q**2 + 11*q + 73. Calculate p(14).
31
Let d(j) = j**2 - 170*j + 7059. Determine d(98).
3
Let y(a) = -6090*a + 133995. Determine y(22).
15
Let n(m) = 3*m**2 - 1284*m + 126941. Determine n(155).
-4
Let n(u) = -2*u**2 + 346*u - 1283. What is n(167)?
721
Let i(o) = -8803*o**2 - 17620*o - 23. Determine i(-2).
5
Let t(h) = 123489*h + 1481855. Calculate t(-12).
-13
Let r(b) = b**2 - 123399*b + 20. What is r(0)?
20
Let a(p) = -365*p + 8856. Calculate a(31).
-2459
Let w(m) = -3*m**2 + 5*m + 193. What is w(-8)?
-39
Let g(w) = 6*w**2 - 162*w + 669. Calculate g(26).
513
Let m(g) = 5*g**2 + 402*g - 2405. Calculate m(-86).
3
Let f(v) = -116*v**3 + 15208*v**2 - 1572*v + 6. Calculate f(131).
6
Let z(y) = -2*y**2 + 1324*y + 21746. Calculate z(-16).
50
Let z(u) = -u**3 + 57*u**2 + 263*u - 5001. Determine z(60).
-21
Let g(f) = 614*f**2 + 480146*f - 1553. Give g(-782).
11
Let r(j) = -278*j**3 + 2*j - 3. What is r(1)?
-279
Let g(t) = t**2 + 27*t - 2408. Determine g(46).
950
Let a(o) = -o**2 + 22357*o + 1187714. Give a(-53).
-16
Let o(a) = -24839*a + 670651. Give o(27).
-2
Let w(u) = -u**3 - 318*u**2 - 1526*u + 377. Determine w(-5).
182
Let y(q) = 37145*q - 74721. Calculate y(2).
-431
Let r(p) = 68663*p + 274891. Give r(-4).
239
Let n(t) = t**2 - 10392*t + 558249. Calculate n(54).
-3
Let z(c) = -c**3 + 30*c**2 + 40*c - 287. What is z(31)?
-8
Let n(a) = 6*a**3 - 846*a**2 + 30*a - 4124. Calculate n(141).
106
Let h(m) = -3*m**3 + 6*m**2 + 219*m - 1491. Determine h(7).
-693
Let f(q) = -5*q**2 - 30217*q + 211547. What is f(7)?
-217
Let h(p) = p**2 + 1487*p + 392. Calculate h(0).
392
Let w(k) = -12*k**2 - 127*k - 198. Calculate w(-10).
-128
Let s(w) = 790*w + 12958. Give s(-16).
318
Let u(f) = -205688*f + 3290954. Calculate u(16).
-54
Let y(w) = -w**2 - 24817*w - 148901. Determine y(-6).
-35
Let y(s) = -31*s**2 + 12032*s - 23959. What is y(2)?
-19
Let o(m) = m**2 + 16*m + 98. Give o(-41).
1123
Let z(i) = 5*i**2 + 31*i - 338. Calculate z(31).
5428
Let b(l) = 1582*l + 9469. Determine b(-6).
-23
Let i(b) = -b**3 + 2*b**2 + 106*b + 197. Determine i(-8).
-11
Let k(v) = v**3 - 52*v**2 - 846*v + 2. Give k(-13).
15
Let j(u) = 2*u**2 + 52*u - 328. Determine j(5).
-18
Let y(n) = -n**3 + 264*n**2 - 2283*n - 3096. Give y(255).
-36
Let v(l) = l**2 + 15477*l + 817474. Calculate v(-53).
2
Let m(v) = -1606*v - 80286. What is m(-50)?
14
Let y(g) = 1204606*g - 60230295. Determine y(50).
5
Let d(z) = -18*z**3 + 139*z**2 - 33*z + 115. What is d(8)?
-469
Let p(z) = -5*z**3 + 67*z**2 - 217*z + 9. Determine p(7).
58
Let w(a) = a**3 + 331*a**2 - 27*a - 9072. What is w(-331)?
-135
Let z(n) = 12*n**2 + 261*n - 517. Calculate z(2).
53
Let l(r) = -68827*r + 275277. Determine l(4).
-31
Let k(r) = 1189357*r + 4757439. What is k(-4)?
11
Let o(t) = 2*t**2 + 29738*t - 178464. Determine o(6).
36
Let j(i) = 60916*i - 3472191. What is j(57)?
21
Let c(b) = -b**3 + 23*b**2 + 652*b - 487. Determine c(-17).
-11
Let m(h) = 151*h - 9126. Give m(60).
-66
Let n(p) = p**3 - 12565*p**2 + 75407*p - 323. Determine n(6).
-5
Let t(x) = -62*x**2 - 959*x + 11615. What is t(8)?
-25
Let z(r) = -14022*r + 4697380. What is z(335)?
10
Let v(x) = -8211*x + 295548. What is v(36)?
-48
Let q(j) = j**3 - 45*j**2 + 34*j + 238. Give q(44).
-202
Let n(r) = 4*r**3 - 2*r**2 - 344*r - 687. Give n(-2).
-39
Let o(t) = t**3 - 191*t**2 - 1391*t + 982. Determine o(198).
-8
Let g(o) = 88548*o - 1948132. What is g(22)?
-76
Let y(m) = -1210*m - 35804. Calculate y(-30).
496
Let b(c) = -7*c**2 - 34*c + 1720. Calculate b(14).
-128
Let k(v) = 1653*v + 100831. What is k(-61)?
-2
Let o(g) = -170257*g - 1362022. What is o(-8)?
34
Let b(j) = j**3 + 21*j**2 - 14*j - 86. Give b(-21).
208
Let x(t) = -10813*t - 43205. What is x(-4)?
47
Let h(z) = 4*z**3 - 47*z**2 + 88*z + 9. Determine h(2).
29
Let c(d) = -11*d**2 - 689*d + 5447. Determine c(8).
-769
Let k(m) = 1327*m**2 - 1100*m + 1105. Give k(1).
1332
Let b(r) = r**2 + 2472*r + 485268. Determine b(-215).
13
Let u(h) = 5*h**2 + 6131*h - 508635. Calculate u(78).
3
Let r(a) = 6*a**2 + 24977*a - 149832. Calculate r(6).
246
Let f(w) = w**2 - 39*w + 604. Determine f(11).
296
Let k(c) = -14167*c - 85034. Give k(-6).
-32
Let z(b) = b**3 - 24*b**2 - 154*b + 2260. Calculate z(8).
4
Let u(c) = 2*c**3 - 393*c**2 + 16069*c - 3204399. Give u(197).
3
Let i(k) = -k**2 - 4145*k + 45983. Determine i(11).
267
Let x(r) = 13*r**3 + 90*r**2 - 1012*r - 7059. What is x(-7)?
-24
Let h(u) = -u**2 + 241*u + 35012. Give h(343).
26
Let g(i) = -i**3 + 4*i**2 + 85*i + 35. What is g(-12)?
1319
Let p(u) = 6914*u + 20937. Determine p(-3).
195
Let w(x) = -6640*x - 571073. Calculate w(-86).
-33
Let p(y) = -118*y**2 - 10847*y - 9912. Determine p(-91).
7
Let b(l) = -3*l**2 - 43*l - 299. Give b(-9).
-155
Let d(l) = -195*l**2 - 8577*l + 38. Determine d(-44).
-94
Let w(o) = -91700*o - 183402. What is w(-2)?
-2
Let h(o) = -202*o - 19586. Give h(-94).
-598
Let n(o) = -238060*o + 476071. Calculate n(2).
-49
Let y(o) = -888*o**2 - 20435*o - 264. Calculate y(-23).
-11
Let l(s) = -s**3 + 47*s**2 - 274*s - 960. What is l(10)?
0